-11))/3 is divided by (10/(-25))/((-1)/80)?
28
Let o = -1546 + 1567. Calculate the remainder when 71 is divided by o.
8
Let v = 476 + -316. Suppose -v = -32*s + 27*s. What is the remainder when 59 is divided by s?
27
Suppose -2*c + c + 153 = 3*d, -4*c + 3*d = -672. Let z(o) = -25*o - 116. What is the remainder when c is divided by z(-6)?
29
Suppose 0 = -4*p - 5*r + 275, 552*p + 4*r = 550*p + 142. Calculate the remainder when 2719 is divided by p.
54
Let x be 7 + (-3 - (6 + -5)). Suppose -7*u + 57 = -2*u - 4*m, x*u = 2*m + 35. What is the remainder when 128 is divided by u?
11
Let y = -4694 - -4758. Suppose -j = 4*j - 170. Calculate the remainder when y is divided by j.
30
Suppose 3*w - 1524 = 2*r - 149, -465 = -w + 4*r. Let h = -431 + w. What is the remainder when 231 is divided by h?
23
Let h(d) = -4*d**3 - 200*d**2 - 734*d + 133. Suppose -l + 21 = -52. Calculate the remainder when l is divided by h(-46).
32
Let h be 1*-3 - (-13 - -8). Suppose -i - 3*r = -28, -i + h*r + 4 = -9. Calculate the remainder when i is divided by (-20)/3*24/(-20).
3
Let s(w) = -2*w + 10. Suppose z + z = -4*p + 18, 3*p = -2*z + 13. Let q be s(p). Suppose q = -3*u + u + 50. Calculate the remainder when u is divided by 8.
1
Let n = -5939 + 6180. What is the remainder when 1433 is divided by n?
228
Let u be 4 + 1/((-1)/2). Calculate the remainder when (-31073)/(-1127) - (-8)/(-14) is divided by 0 + u + 5 + -4.
0
Suppose -7*o + 6 = -5*o. Suppose -a = -2*w - 13, -o*a = 5*w + 20 - 70. Let u(r) = -2*r**2 + 30*r + 18. Calculate the remainder when 71 is divided by u(a).
17
Suppose 32 = r + 4*x + 7, 40 = 4*r + x. Calculate the remainder when 32 is divided by r.
5
Suppose 5*c = 4*b - 1529, -5*c = 4*b - 908 - 571. Calculate the remainder when b is divided by 121.
13
Let l(u) = -22*u - 45. Let i(m) = 2*m**2 + 19*m + 38. Let n be i(-4). What is the remainder when l(n) is divided by 68?
19
Let n(s) be the second derivative of 1/2*s**4 - 1/6*s**3 + 0 + 21*s - 3/2*s**2. Calculate the remainder when 91 is divided by n(-2).
22
Let v(d) = -d**2 - 27*d - 150. Let r = 148 - 161. What is the remainder when 106 is divided by v(r)?
10
Let u(b) = 89*b**2 + 613*b - 612. Calculate the remainder when 179 is divided by u(1).
89
Let r(u) = u - 9. Suppose 0 = 2*q - 0 + 14. What is the remainder when 63/18*(-16)/q is divided by r(13)?
0
What is the remainder when 2337 is divided by (-7)/(-1*5/10)?
13
Suppose 0 = 2*n + z - 65, -5*n + 121 = -4*z - 48. Let w(l) = 2*l**2 + 9*l - 51. Calculate the remainder when n is divided by w(4).
16
Suppose 4*v - 144 = -5*h, 20*h - 18*h + 3*v = 66. Calculate the remainder when 158 is divided by h.
14
Let p(w) = 6*w**2 + 3*w**3 - 6*w**3 - 7 - 1 - w + 2*w**3. Let o be p(5). Calculate the remainder when 3/18 - (-1 + (-310)/o) is divided by 5.
2
Suppose -3*w - w + 54 = -2*n, -n + 57 = 5*w. Let k be (w/(-15) - 1)/((-7)/35). Calculate the remainder when 183/k + 2/(-6) is divided by 11.
9
Let u = 110 + 52. Suppose 77 = -4*a + v, 2*v - 78 = 2*a - 44. Let o = a + u. What is the remainder when o is divided by 16?
14
Let g be ((6 - 5) + -2 + -1)*-136. Suppose -15*c - 2*c = -g. What is the remainder when 77 is divided by c?
13
Let u(z) = -z**2 - 10*z - 1. Let t be u(-9). Let h(q) = -14*q - 4 - 15 + 10*q**2 + 11*q**2 - q**3 - t. Calculate the remainder when h(20) is divided by 19.
17
Let a = 714 - 590. Suppose 49*b + 2168 = 5402. What is the remainder when a is divided by b?
58
Let o = 39 + -6. Suppose 4*a + 2*f - 348 = 0, -4*f - 9 = 7. Calculate the remainder when a is divided by o.
23
Let z(l) = -l - 7. Let c be z(-7). Suppose 3*b + h = 49, c = 2*b - h + 4*h - 21. Calculate the remainder when 51*1*(1 - (-2 + 2)) is divided by b.
15
Suppose 3*u + 5*z - 304 = 0, 2*z + 0*z = 5*u - 486. Calculate the remainder when u is divided by ((-18)/36)/((-3)/150).
23
Calculate the remainder when 4196 is divided by (-100 + 103)/((-12)/(-244)).
48
What is the remainder when 375 is divided by (-113 - 15)*(-5 + 0 - -4)?
119
Let q = 6722 - 6710. What is the remainder when 22 is divided by q?
10
Let s(x) be the first derivative of -x**3/3 - 9*x**2/2 - 5*x - 1. Let m = -2828 - -2832. Calculate the remainder when m is divided by s(-8).
1
Let h = -1021 + 1026. Suppose -32*o - 4*j = -30*o - 152, -o = -h*j - 69. Calculate the remainder when o is divided by 10.
4
Let b = 13624 - 13090. What is the remainder when b is divided by 179?
176
Suppose -33*q - 15*q + 28*q + 760 = 0. What is the remainder when 16793 is divided by q?
35
Suppose 26*b - 1000 = -116. Let r(o) = -3*o + 23. Let c(q) = q**2 + 3*q + 2. Let l be c(-4). Calculate the remainder when b is divided by r(l).
4
Let j be 108/9*1/4. Let p(o) = o**3 + 2*o**2 - 2*o + 6. Let w be p(j). Suppose 2*z = -3*z + w. Calculate the remainder when 35 is divided by z.
8
Let p(r) = 189*r - 526. Calculate the remainder when p(4) is divided by 66.
32
Suppose -4*z + 110 + 234 = 0. Let p = 181 - z. Calculate the remainder when p is divided by 32.
31
Suppose -1538*w + 330*w + 12080 = 0. Let p(h) = -21*h + 3. What is the remainder when p(-3) is divided by w?
6
Let n = -188 + 283. Suppose 1170 = 17*q + q. Suppose -2*a = -3*c + 147, -4*a - q = -3*c + 82. What is the remainder when n is divided by c?
46
Let h(w) = -19 + 31*w + 2*w**2 - w**2 - w**2 - 3*w**2 + 0*w**2. What is the remainder when 116 is divided by h(9)?
14
Let c = 5137 + -4790. What is the remainder when c is divided by 47?
18
Let t = -53 - -82. Let x(w) = -2*w**2 + 5*w + 273. Let k be x(0). Let i = -188 + k. Calculate the remainder when i is divided by t.
27
Let t(x) = 3*x**2 + 19*x. Let b be 2*1*(10/(-2) - -1). Let h be t(b). Calculate the remainder when 35 is divided by (h/25)/4 - (-53)/5.
2
Let i = -360 + 170. Let m = -174 - i. Let x = 94 + -65. Calculate the remainder when x is divided by m.
13
What is the remainder when 120/420 - -1*(-27067)/(-7) is divided by 1927?
13
Suppose -10*q - 25*q + 351 = -8*q. What is the remainder when 188 is divided by q?
6
Let a = -3531 + 3569. Calculate the remainder when 2771 is divided by a.
35
Suppose -120 = -2*o - x + 1110, -5*x = 5*o - 3080. Let g = o - 227. What is the remainder when g is divided by 13?
10
Let u = 120 + -85. Suppose u = 3*f + 4*f. Suppose f = h + 1. Calculate the remainder when h is divided by 3.
1
Let z = -6068 - -6126. What is the remainder when z is divided by (-2 - (-2 + -2)) + 19?
16
Let l(q) = q**3 - 5*q**2 - 8*q - 36. Let w be l(7). Suppose -w*f - 14*f + 600 = 0. What is the remainder when 78 is divided by f?
18
Let w = -409 - -271. Let m = 141 + w. Calculate the remainder when 9 is divided by m.
0
Let b = 108 - 106. Calculate the remainder when (-7 + (-3 - 13))*b*-2 is divided by 47.
45
Let o be ((-48)/(-36) - 4/6)*3. Let u(a) = a**o - 36 + 18 + 22*a + 7. Calculate the remainder when 105 is divided by u(-23).
9
Suppose -3*h - 254*z = -258*z - 367, -4*h = 5*z - 510. Let m(g) = g**3 - g**2 - g + 3. Calculate the remainder when h is divided by m(3).
17
Let u = 59 + -56. Suppose o = -l + u, o + 2*o = 4*l + 16. Suppose -42 = -2*v - r, o*r = 3*v + 2*r - 77. Calculate the remainder when 44 is divided by v.
21
Let t be (4/4)/((-1)/(-5)). Suppose 2*f = t*h - h - 88, -3*h + 5*f + 66 = 0. What is the remainder when ((-561)/h)/((-1)/2) is divided by 26?
25
Let p(d) = 45*d + 828. Calculate the remainder when p(-17) is divided by 21.
0
Suppose 9312 = 4*k + 3*l, 0*k - 3*l - 11667 = -5*k. Calculate the remainder when k is divided by 53.
52
Let p(n) = 19*n - 20. Let z be p(8). Suppose 8*k = z + 84. Let i(f) = 8*f - 57. Calculate the remainder when i(k) is divided by 40.
39
Let c = -179 + 183. Suppose p - 3*p = c*f - 14, 0 = -4*p - f + 49. What is the remainder when p is divided by 8?
5
Let i = 3453 - 3398. Calculate the remainder when 438 is divided by i.
53
Suppose -1968*m + 1911*m + 3762 = 0. Calculate the remainder when 6/(-9) - (-862)/6 is divided by m.
11
Let g(k) = k**3 - 18*k**2 - 62*k + 12. Let o be (-2*2 - -2)*-1. What is the remainder when o - (276/(-3) + -2) is divided by g(21)?
30
Let j = 23373 + -23325. Calculate the remainder when 3452 is divided by j.
44
Let h(a) = -a**2 - 38*a + 323. What is the remainder when 267 is divided by h(5)?
51
Let m(f) = f**2 - 8*f + 44. Let u be m(-24). Let z = u + -769. Calculate the remainder when 99 is divid